
284
What is the greatest common divisor of 1398937 and 217?
31
Calculate the highest common divisor of 198288 and 391.
17
Calculate the highest common divisor of 572 and 748462.
286
Calculate the greatest common factor of 46 and 295642.
46
What is the greatest common divisor of 454 and 548?
2
What is the greatest common factor of 13190 and 110?
10
What is the highest common divisor of 852 and 66669?
213
Calculate the highest common factor of 608 and 90784.
32
What is the highest common factor of 33725 and 5700?
475
What is the highest common divisor of 31335 and 165?
15
What is the highest common divisor of 4466 and 1218?
406
What is the greatest common divisor of 18061434 and 531?
531
Calculate the highest common divisor of 71 and 217331.
71
What is the greatest common divisor of 554946 and 14?
14
Calculate the greatest common factor of 756 and 384552.
252
Calculate the greatest common divisor of 120 and 3912.
24
What is the highest common divisor of 94661 and 77?
7
What is the greatest common divisor of 300 and 232950?
150
What is the highest common factor of 5640 and 9480?
120
Calculate the greatest common divisor of 931887 and 99.
99
Calculate the greatest common divisor of 37 and 1727419.
37
What is the highest common divisor of 395 and 75?
5
Calculate the highest common factor of 7032349 and 43.
43
What is the highest common divisor of 1508 and 7366?
58
What is the highest common factor of 82 and 898146?
82
Calculate the greatest common divisor of 1466122 and 28.
14
Calculate the highest common divisor of 31062 and 52939.
167
What is the highest common divisor of 54778 and 42206?
898
Calculate the greatest common divisor of 711207 and 33.
3
What is the greatest common factor of 40 and 168820?
20
What is the highest common divisor of 512719 and 331?
331
Calculate the greatest common divisor of 20 and 98740.
20
What is the highest common factor of 28548 and 702?
234
Calculate the greatest common factor of 387 and 4056534.
387
What is the greatest common factor of 2418 and 10491?
39
Calculate the greatest common divisor of 125 and 80825.
25
What is the highest common factor of 177600 and 24600?
600
Calculate the highest common divisor of 29810 and 1210.
110
What is the highest common divisor of 240 and 319980?
60
Calculate the greatest common factor of 354 and 85845.
177
What is the highest common divisor of 3670320 and 24?
24
What is the greatest common factor of 33615 and 51435?
405
What is the greatest common divisor of 434 and 1792?
14
What is the greatest common factor of 10682 and 574?
14
What is the greatest common divisor of 77919 and 228?
57
What is the greatest common factor of 243 and 31?
1
What is the highest common factor of 1220 and 220?
20
What is the highest common divisor of 5865 and 2760?
345
Calculate the greatest common factor of 22538 and 27886.
382
What is the greatest common divisor of 16847 and 34?
17
Calculate the highest common factor of 2741 and 1.
1
Calculate the greatest common factor of 93873 and 747.
249
Calculate the highest common divisor of 27 and 5670.
27
Calculate the greatest common divisor of 104742 and 25938.
198
What is the highest common factor of 896471 and 46?
23
Calculate the greatest common divisor of 1836432 and 1728.
432
Calculate the greatest common factor of 12906 and 8694.
54
What is the highest common divisor of 879 and 921?
3
What is the highest common divisor of 3861 and 2717?
143
Calculate the highest common factor of 6192 and 2862.
18
What is the highest common divisor of 210 and 6874?
14
What is the greatest common factor of 28679 and 221?
17
What is the highest common factor of 990 and 23670?
90
Calculate the greatest common divisor of 60181 and 11.
11
Calculate the highest common factor of 98 and 32746.
14
What is the greatest common divisor of 20519 and 71?
71
Calculate the greatest common divisor of 31715 and 40.
5
Calculate the greatest common divisor of 255804 and 12.
12
Calculate the greatest common factor of 17220 and 53760.
420
Calculate the greatest common divisor of 700 and 49931.
7
Calculate the greatest common factor of 3620 and 14810.
10
Calculate the greatest common factor of 1975090 and 78.
26
Calculate the highest common factor of 2365 and 83807.
43
Calculate the highest common divisor of 377 and 15496.
13
What is the highest common divisor of 242 and 183194?
242
Calculate the highest common factor of 272 and 4622.
2
What is the greatest common divisor of 724 and 32?
4
Calculate the greatest common factor of 45837 and 3366.
99
Calculate the highest common factor of 2438 and 18232.
106
What is the highest common divisor of 28 and 11494?
14
Calculate the highest common factor of 8555 and 2065.
295
Calculate the highest common factor of 75938 and 946.
86
What is the highest common divisor of 1605891 and 42?
21
Calculate the greatest common factor of 29835 and 52.
13
What is the greatest common factor of 6315 and 6690?
15
What is the highest common divisor of 114631 and 51?
17
Calculate the greatest common divisor of 172819 and 235.
47
Calculate the highest common factor of 44 and 335962.
22
Calculate the highest common divisor of 30 and 201090.
30
What is the greatest common divisor of 7203 and 6909?
147
Calculate the highest common factor of 108630 and 180.
90
What is the greatest common factor of 1546992 and 648?
216
Calculate the highest common factor of 34619 and 1365.
13
Calculate the greatest common factor of 1755 and 24435.
135
Calculate the highest common divisor of 1056 and 1248.
96
Calculate the highest common divisor of 16724 and 11988.
148
What is the highest common divisor of 180 and 101862?
18
Calculate the highest common divisor of 611240 and 9086.
826
What is the greatest common divisor of 1109713 and 3476?
869
Calculate the highest common factor of 203 and 1166351.
29
What is the greatest common divisor of 3822 and 15054?
78
Calculate the highest common factor of 12243 and 924.
231
What is the greatest common divisor of 91212 and 28?
4
What is the greatest common divisor of 29440 and 620?
20
What is the greatest common factor of 72 and 271224?
72
Calculate the greatest common factor of 216 and 294624.
216
Calculate the greatest common divisor of 226 and 184755.
113
What is the highest common divisor of 3190 and 15565?
55
Calculate the highest common factor of 467 and 14944.
467
What is the highest common factor of 3018287 and 577?
577
What is the highest common factor of 275308 and 880?
44
Calculate the highest common divisor of 81 and 187029.
81
Calculate the greatest common factor of 585 and 31590.
585
What is the highest common divisor of 570 and 506540?
190
What is the greatest common factor of 37566 and 36?
18
Calculate the highest common divisor of 51167 and 19.
19
What is the greatest common factor of 298 and 1608604?
298
Calculate the greatest common divisor of 4977 and 1008.
63
Calculate the greatest common factor of 30 and 355890.
30
Calculate the highest common divisor of 29 and 174899.
29
What is the greatest common factor of 550 and 16225?
275
What is the greatest common factor of 4 and 43487?
1
What is the greatest common factor of 157559 and 2?
1
Calculate the highest common factor of 1096 and 112751.
137
What is the greatest common factor of 15888 and 528?
48
What is the greatest common divisor of 1592 and 13068728?
1592
Calculate the greatest common factor of 3403 and 451.
41
What is the greatest common divisor of 49116 and 204?
12
What is the highest common divisor of 14528 and 2240?
64
What is the greatest common divisor of 340 and 38?
2
Calculate the highest common factor of 1474425 and 75.
75
Calculate the highest common factor of 459 and 20961.
153
Calculate the highest common factor of 2856378 and 564.
282
What is the highest common factor of 176 and 3314608?
176
What is the highest common factor of 278352 and 48?
48
What is the greatest common divisor of 19521 and 281247?
723
Calculate the highest common divisor of 79765 and 1075.
215
What is the greatest common factor of 5904 and 156144?
48
What is the highest common factor of 123584 and 376?
8
What is the highest common factor of 689241 and 1449?
483
What is the greatest common divisor of 118 and 323438?
118
What is the highest common factor of 13105183 and 91?
91
What is t